{"id":2985,"date":"2022-12-20T08:04:18","date_gmt":"2022-12-20T08:04:18","guid":{"rendered":"http:\/\/www.ukm.my\/jcil\/?page_id=2985"},"modified":"2023-02-22T03:42:39","modified_gmt":"2023-02-22T03:42:39","slug":"jcil-2022-72-article-9-2","status":"publish","type":"page","link":"https:\/\/www.ukm.my\/jcil\/jcil-2022-72-article-9-2\/","title":{"rendered":"JCIL 2022 7(2) Article 9"},"content":{"rendered":"<p>[et_pb_section fb_built=&#8221;1&#8243; fullwidth=&#8221;on&#8221; _builder_version=&#8221;4.16&#8243; background_color=&#8221;#0c71c3&#8243; custom_padding=&#8221;0px|0px|0px|0px&#8221; global_colors_info=&#8221;{}&#8221;][\/et_pb_section][et_pb_section fb_built=&#8221;1&#8243; specialty=&#8221;on&#8221; _builder_version=&#8221;4.16&#8243; global_colors_info=&#8221;{}&#8221;][et_pb_column type=&#8221;1_3&#8243; _builder_version=&#8221;4.16&#8243; custom_padding=&#8221;|||&#8221; global_colors_info=&#8221;{}&#8221; parallax__hover=&#8221;off&#8221; parallax_method__hover=&#8221;on&#8221; custom_padding__hover=&#8221;|||&#8221;][et_pb_blurb title=&#8221;2022 7(2)&#8221; url=&#8221;https:\/\/www.ukm.my\/jcil\/jcil-2017-2-2\/&#8221; use_icon=&#8221;on&#8221; font_icon=&#8221;&#x49;||divi||400&#8243; icon_color=&#8221;#0c71c3&#8243; image_icon_background_color=&#8221;#ffffff&#8221; icon_placement=&#8221;left&#8221; image_icon_width=&#8221;16px&#8221; _builder_version=&#8221;4.20.0&#8243; header_text_color=&#8221;#0c71c3&#8243; background_size=&#8221;initial&#8221; background_position=&#8221;top_left&#8221; background_repeat=&#8221;repeat&#8221; image_icon_custom_padding=&#8221;8px|8px|8px|8px|false|false&#8221; text_orientation=&#8221;center&#8221; max_width_tablet=&#8221;50px&#8221; hover_enabled=&#8221;0&#8243; border_radii_image=&#8221;on|100%|100%|100%|100%&#8221; border_width_all_image=&#8221;2px&#8221; border_color_all_image=&#8221;#0c71c3&#8243; use_circle=&#8221;on&#8221; use_circle_border=&#8221;on&#8221; circle_border_color=&#8221;#0c71c3&#8243; circle_color=&#8221;#ffffff&#8221; global_colors_info=&#8221;{}&#8221; image_icon_background_color__sticky_enabled=&#8221;#1e73be&#8221; image_icon_background_color__sticky=&#8221;#1e73be&#8221; sticky_enabled=&#8221;0&#8243;]<\/p>\n<p>DECEMBER 2022<\/p>\n<p>[\/et_pb_blurb][et_pb_image src=&#8221;https:\/\/www.ukm.my\/jcil\/wp-content\/uploads\/2022\/12\/Cover-JCIL-2022-72-scaled.jpg&#8221; title_text=&#8221;Cover JCIL 2022 7(2)&#8221; align_tablet=&#8221;center&#8221; align_phone=&#8221;&#8221; align_last_edited=&#8221;on|desktop&#8221; _builder_version=&#8221;4.19.4&#8243; animation_style=&#8221;slide&#8221; animation_direction=&#8221;left&#8221; animation_duration=&#8221;500ms&#8221; animation_intensity_slide=&#8221;10%&#8221; global_colors_info=&#8221;{}&#8221;][\/et_pb_image][\/et_pb_column][et_pb_column type=&#8221;2_3&#8243; specialty_columns=&#8221;2&#8243; _builder_version=&#8221;4.16&#8243; custom_padding=&#8221;|||&#8221; global_colors_info=&#8221;{}&#8221; parallax__hover=&#8221;off&#8221; parallax_method__hover=&#8221;on&#8221; custom_padding__hover=&#8221;|||&#8221;][et_pb_row_inner admin_label=&#8221;Row&#8221; _builder_version=&#8221;4.16&#8243; global_colors_info=&#8221;{}&#8221;][et_pb_column_inner saved_specialty_column_type=&#8221;2_3&#8243; _builder_version=&#8221;4.16&#8243; custom_padding=&#8221;|||&#8221; global_colors_info=&#8221;{}&#8221; parallax__hover=&#8221;off&#8221; parallax_method__hover=&#8221;on&#8221; custom_padding__hover=&#8221;|||&#8221;][et_pb_text admin_label=&#8221;Tajuk&#8221; _builder_version=&#8221;4.19.4&#8243; background_size=&#8221;initial&#8221; background_position=&#8221;top_left&#8221; background_repeat=&#8221;repeat&#8221; module_alignment=&#8221;left&#8221; global_colors_info=&#8221;{}&#8221;]<\/p>\n<h3 style=\"text-align: justify;\"><strong>Rawatan Fecal Microbiota Transplantation (FMT) Menurut Maqasid Syariah<\/strong><\/h3>\n<h3>Treatment of Faecal Microbiota Transplantation (FMT) Based on Maqasid Shariah<\/h3>\n<p>[\/et_pb_text][et_pb_text admin_label=&#8221;Penulis&#8221; _builder_version=&#8221;4.19.4&#8243; background_size=&#8221;initial&#8221; background_position=&#8221;top_left&#8221; background_repeat=&#8221;repeat&#8221; module_alignment=&#8221;left&#8221; hover_enabled=&#8221;0&#8243; global_colors_info=&#8221;{}&#8221; sticky_enabled=&#8221;0&#8243;]<\/p>\n<p><span style=\"font-size: 14px;\"><strong>Nur Solihah Isa,<\/strong>\u00a0<em><br \/><\/em><\/span><span style=\"font-size: 14px;\">Postgraduate Student, Research Center for Sharia, Faculty of Islamic Studies, Universiti Kebangsaan Malaysia<br \/><strong><strong style=\"font-size: 14px;\">Muhammad Nazir Alias, <\/strong><\/strong><em>nazir@ukm.edu.my<br \/><\/em>Research Center for Sharia, Faculty of Islamic Studies, Universiti Kebangsaan Malaysia<br \/><strong><strong style=\"font-size: 14px;\">Mohd Al Adib Samuri, <\/strong><\/strong><em>al_adib@ukm.edu.my<br \/><\/em>Research Center for Sharia, Faculty of Islamic Studies, Universiti Kebangsaan Malaysia<br \/><strong><strong style=\"font-size: 14px;\">Mohd Sham Kamis,<\/strong><\/strong><em><br \/><\/em>Faculty of Cognitive Sciences and Human Development, Universiti Malaysia Sarawak<br \/><\/span>Received: July 30, 2022 | Revised: August 08, 2022 | Accepted: August 15, 2022 | Published: December 15, 2022\u200b\u200b\u200b\u200b\u200b\u200b\u200b<\/p>\n<p>[\/et_pb_text][et_pb_text admin_label=&#8221;Volume &#038; PDF&#8221; _builder_version=&#8221;4.20.0&#8243; background_size=&#8221;initial&#8221; background_position=&#8221;top_left&#8221; background_repeat=&#8221;repeat&#8221; module_alignment=&#8221;left&#8221; hover_enabled=&#8221;0&#8243; global_colors_info=&#8221;{}&#8221; sticky_enabled=&#8221;0&#8243;]<\/p>\n<p><span style=\"font-size: 14px;\">2022, Vol. 7(2), pp. 86-93. \u00a0| \u00a0<\/span><a href=\"https:\/\/www.ukm.my\/jcil\/wp-content\/uploads\/2023\/01\/Isa-et-al.-2022.pdf\">PDF<\/a><a href=\"https:\/\/www.ukm.my\/jcil\/wp-content\/uploads\/2018\/06\/JCIL-2018-31-Article-2.pdf\"><br \/><\/a><\/p>\n<p>[\/et_pb_text][et_pb_tabs admin_label=&#8221;Abstract &#038; References&#8221; _builder_version=&#8221;4.19.4&#8243; body_text_align=&#8221;justify&#8221; background_size=&#8221;initial&#8221; background_position=&#8221;top_left&#8221; background_repeat=&#8221;repeat&#8221; global_colors_info=&#8221;{}&#8221;][et_pb_tab title=&#8221;ABSTRAK&#8221; _builder_version=&#8221;4.19.4&#8243; body_font=&#8221;||||&#8221; body_text_align=&#8221;justify&#8221; body_line_height=&#8221;2em&#8221; tab_font=&#8221;||||&#8221; tab_line_height=&#8221;2em&#8221; background_size=&#8221;initial&#8221; background_position=&#8221;top_left&#8221; background_repeat=&#8221;repeat&#8221; body_line_height_tablet=&#8221;2em&#8221; body_line_height_phone=&#8221;2em&#8221; tab_line_height_tablet=&#8221;2em&#8221; tab_line_height_phone=&#8221;2em&#8221; global_colors_info=&#8221;{}&#8221;]<\/p>\n<p>Perkembangan ilmu dan teknologi masa kini menemukan ahli perubatan kepada kaedah rawatan penyakit usus yang baharu iaitu rawatan Fecal Microbiota Transplantation (FMT). FMT dari aspek perubatan ialah mendermakan najis manusia yang mengandungi mikrobiota yang sihat untuk digunakan dalam rawatan penyakit usus. Rawatan ini bertujuan untuk memulihkan mikrobiota usus yang terganggu dan memperbaiki ketidakseimbangannya melalui pembentukan mikrobiota yang stabil dan kompleks. Ini sekaligus menimbulkan persoalan dalam hukum Islam tentang keharusan penggunaan rawatan ini memandangkan rawatan ini menggunakan najis manusia dan sifat najis tersebut tidak berubah. Oleh sebab itu, artikel ini akan membincangkan mengenai penggunaan rawatan FMT menurut kerangka maqasid syariah. Metode yang digunakan dalam kajian ini ialah analisis dokumen dengan berpandukan kepada bahan rujukan seperti buku-buku dan jurnaljurnal penerbitan berkaitan tajuk ini. Data yang diperolehi akan dianalisis secara tematik yang menggunakan pendekatan induktif bagi menentukan hukum penggunaan kaedah FMT bagi merawat penyakit. Hasil yang diperoleh daripada kajian ini ialah rawatan FMT adalah selari dengan maqasid syariah terutamanya dalam mencapai maslahah menjaga nyawa.<\/p>\n<p>KATA KUNCI<br \/>FMT, najis, maqasid syariah, maslahah, menjaga nyawa.<\/p>\n<p>[\/et_pb_tab][et_pb_tab title=&#8221;ABSTRACT&#8221; _builder_version=&#8221;4.19.4&#8243; body_font=&#8221;||||&#8221; body_text_align=&#8221;justify&#8221; body_line_height=&#8221;2em&#8221; tab_font=&#8221;||||&#8221; tab_line_height=&#8221;2em&#8221; background_size=&#8221;initial&#8221; background_position=&#8221;top_left&#8221; background_repeat=&#8221;repeat&#8221; body_line_height_tablet=&#8221;2em&#8221; body_line_height_phone=&#8221;2em&#8221; tab_line_height_tablet=&#8221;2em&#8221; tab_line_height_phone=&#8221;2em&#8221; global_colors_info=&#8221;{}&#8221;]<\/p>\n<p>The development of knowledge and technology today has led physicians to a new method of treating intestinal diseases, namely Fecal Microbiota Transplantation (FMT). FMT from a medical aspect is to donate human faeces that contain healthy microbiota for use in the treatment of intestinal diseases. This treatment aims to restore the disturbed intestinal microbiota and correct its imbalance by forming a stable and complex microbiota. However, this also raises questions in Islamic law about the necessity of using this treatment as this treatment uses human faeces, and the nature of the faeces does not change. Therefore, this article will discuss the use of FMT treatment according to the framework of maqasid shariah. The method used in this study is document analysis based on reference materials such as books and journals related to this topic. The data obtained will be analyzed thematically using an inductive approach to determine the FMT method&#8217;s law to treat diseases. The result obtained from this study is that the treatment of FMT is in line with the maqasid shariah, especially in achieving the maslahah of maintaining life.<\/p>\n<p>KEYWORDS<br \/>FMT, najis, maqasid shariah, maslahah, preservation of life.<\/p>\n<p>[\/et_pb_tab][et_pb_tab title=&#8221;REFERENCES&#8221; _builder_version=&#8221;4.19.4&#8243; body_font=&#8221;||||&#8221; body_line_height=&#8221;2em&#8221; tab_font=&#8221;||||&#8221; tab_line_height=&#8221;2em&#8221; hover_enabled=&#8221;0&#8243; body_line_height_tablet=&#8221;2em&#8221; body_line_height_phone=&#8221;2em&#8221; tab_line_height_tablet=&#8221;2em&#8221; tab_line_height_phone=&#8221;2em&#8221; global_colors_info=&#8221;{}&#8221; sticky_enabled=&#8221;0&#8243;]<\/p>\n<p>Ab\u016b D\u0101wud, Sulaym\u0101n Ibn al-Ash\u1d9cath Al-Sijist\u0101n\u012b. 2009. Sunan Ab\u012b D\u0101wud. Shu\u1d9ciyab Al-Arna\u016b\u1e6d &amp; Mu\u1e25ammad K\u0101mil Balal\u012b (pnyt.). Beirut: D\u0101r al-Ris\u0101lah al-\u1d9c\u0100lamiy<\/p>\n<p>Ab\u016b \u1e6caha, \u1e62\u0101li\u1e25 Kam\u0101l \u1e62\u0101li\u1e25. 2007. al-Tad\u0101w\u012b bi al- Mu\u1e25arram\u0101t: Dir\u0101sah Fiqhiyyah Muq\u0101ranah. Gaza: Fakulti Syariah, Universiti Islam Gaza.<\/p>\n<p>Al\u0101\u2019 al-D\u012bn \u1e24asan Ra\u1e25\u1e25\u0101l. 2015. Ta\u2019\u1e63\u012bl al-Awlawiyy\u0101t wa Kayfiyyat Ta\u1e25d\u012bdih\u0101. Jordan: Fakulti Syariah, Universiti Yarmouk.<\/p>\n<p>A\u1e25mad ibn \u02bbAl\u012b Ibn \u1e24ajar al-\u02bbAsqal\u0101n\u012b; Rad\u0323w\u0101n Mu\u1e25ammad Rad\u0323w\u0101n. 1954. Bul\u016bgh al-mar\u0101m min adillat al-a\u1e25k\u0101m. Kaherah: D\u0101r al-Kit\u0101b al-\u02bbArab\u012b bi-Mis\u0323r.<\/p>\n<p>al-Bayhaq\u012b, A\u1e25mad ibn al-\u1e24usayn. 2003. Al-Sunan al-Kubr\u0101. Beirut: D\u0101r al-Kutub al-`Ilmiyyah.<\/p>\n<p>al- Buh\u016bt\u012b, Mans\u0323\u016br ibn Y\u016bnus. 1996. Kashsh\u0101f al-qin\u0101\u02bb \u02bban matn al-Iqn\u0101\u02bb. Beirut: D\u0101r al-Kutub al-\u2018Ilmiyyah.<\/p>\n<p>al-Bukh\u0101r\u012b, Mu\u1e25ammad ibn Ism\u0101\u2018\u012bl. 1997. \u1e62a\u1e25\u012b\u1e25 al-Bukh\u0101r\u012b. \u2018Abd al-Malik Muj\u0101hid (pnyt.). Riyad: D\u0101r al-Sal\u0101m.<\/p>\n<p>Brandt LJ, Aroniadis OC, Mellow M, Kanatzar A, Kelly C, Park T, et al. 20212. Long-term Follow-up of Colonoscopic Fecal Microbiota Transplant for Recurrent Clostridium Difficile Infection. Am J Gastroenterol. 107(7):1079\u201387.<\/p>\n<p>Cammarota G, Ianiro G, Gasbarrini A. 2014. Fecal Microbiota Transplantation for The Treatment of Clostridium Difficile Infection: A Systematic Review. J Clin Gastroenterol. 48:693-702<\/p>\n<p>Chen, D., Wu, J., Jin, D., Wang, B., &amp; Cao, H. 2019. Fecal microbiota transplantation in cancer management: Current status and perspectives. International Journal of Cancer. Journal International Du Cancer, 145(8), 2021-2031<\/p>\n<p>D\u0101r al-Ift\u0101\u2019 al-Mis\u0323riyyah. 2003. Fatwa fi Hukm al-tabarru\u2018 bi al-dam.<\/p>\n<p>al-Dusuq\u012b, Mu\u1e25ammad \u2018Arfah. T.th. \u1e24\u0101shiyat al-Dus\u016bq\u012b \u2018al\u0101 al-Shar\u1e25 al-Kab\u012br. D\u0101r I\u1e25y\u0101\u2019 al-Kutub al-\u2018Arabiyyah.<\/p>\n<p>al-Ghaz\u0101l\u012b, Mu\u1e25ammad ibn Mu\u1e25ammad. 1993. al-Mustas\u0323f\u0101 min \u2018Ilm al-Us\u0323\u016bl. \u2018Abd al- Sh\u0101f\u012b Mu\u1e25ammad \u2018Abd al-Sal\u0101m (pnyt.). Beirut: D\u0101r al-Kutub al-\u2018Ilmiyyah.<\/p>\n<p>Gupta, S., Allen-Vercoe, E. &amp; Petrof, E.O. 2016. Fecal microbiota transplantation: In perspective. Therapeutic Advances in Gastroenterology 9(2): 229-239.<\/p>\n<p>Ibn \u2018\u0100bid\u012bn, Mu\u1e25ammad Am\u012bn ibn \u2018Umar al-Dimashq\u012b. 1992. Radd al-Mu\u1e25t\u0101r \u2018\u0101l\u0101 al-Durr al-Mukht\u0101r. Beirut: Dar al-Fikr.<\/p>\n<p>Ibn Nujaym, Zayn al-D\u012bn ibn Ibr\u0101h\u012bm al-Mis\u0323r\u012b. 1999. al-Ashb\u0101h wa al-Na\u1e93\u0101\u2019ir. Beirut: D\u0101r al-Kutub al-\u2018Ilmiyyah.<\/p>\n<p>Ibn Qud\u0101mah, \u2018Abdull\u0101h ibn A\u1e25mad al-Maqdis\u012b. 1968. al-Mughn\u012b. Kaherah: Maktabat al-Q\u0101hirah.<\/p>\n<p>\u2018Izz al-D\u012bn Abd al-Az\u012bz ibn Abd al-Sal\u0101m al-Sulam\u012b. 1991. Qaw\u0101`id Al-A\u1e25k\u0101m F\u012b I\u1e63l\u0101\u1e25 al-An\u0101m. Taha Abd al-Ra\u2019uf Sa`ad (pnyt.). Cairo: Maktabah al-Kulliyat al-Azhariyyah.<\/p>\n<p>JAKIM. 2015. Kompilasi Pandangan Hukum Muzakarah Majlis Kebangsaan Bagi Hal Ehwal Ugama Islam Malaysia. Putrajaya: Jabatan Kemajuan Islam Malaysia.<\/p>\n<p>al-K\u0101s\u0101n\u012b, Ab\u016b Bakr ibn Mas\u2018\u016bd. 1986. Bad\u0101\u2019i\u2018 al-\u1e62an\u0101\u2019i\u2018 f\u012b Tart\u012bb al-Shar\u0101\u2019i\u2018. Beirut: D\u0101r al-Kutub al-\u2018Ilmiyyah.<\/p>\n<p>Kassam, Z., Lee, C. H., Yuan, Y., &amp; Hunt, R. H. (2013). Navigating Long-Term Safety in Fecal Microbiota Transplantation [Review of Navigating Long-Term Safety in Fecal Microbiota Transplantation]. The American Journal of Gastroenterology, 108(9), 1538. search.proquest.com.<\/p>\n<p>Kelly CR, Khoruts A, Staley C, et al. 2016. Effect of Fecal Microbiota Transplantation on Recurrence in Multiply Recurrent Clostridium Difficile Infection: A Randomized Trial. Ann Intern Med. 165: 609-616.<\/p>\n<p>Kim, K.O. &amp; Gluck, M. 2019. Fecal microbiota transplantation: An update on clinical practice. Clinical Endoscopy 52(2): 137-143.<\/p>\n<p>Lessa, F.C., Mu, Y., Bamberg, W.M., Beldavs, Z.G., Dumyati, G.K., Dunn, J.R., Farley, M.M., Holzbauer, S.M., Meek, J.I., Phipps, E.C., Wilson, L.E., Winston, L.G., Cohen, J.A., Limbago, B.M., Fridkin, S.K., Gerding, D.N. &amp;<\/p>\n<p>McDonald, L.C. 2015. Burden of Clostridium difficile Infection in the United States. New England Journal of Medicine 372(9): 825-834.<\/p>\n<p>Merrick B, Allen L, Masirah M Zain N, Forbes B, Shawcross DL, Goldenberg SD. 2020. Regulation, risk and safety of Faecal Microbiota Transplant. Infect Prev Pract. 2(3): 1-7<\/p>\n<p>Muhammad Nazir, Alias, Nik Abdul Rahim, Nik Abdul Ghani, Muhammad Adib, Samsudin &amp; Mohd Sham, Kamis. 2020. Penghasilan vaksin yang mengandungi unsur najis menurut perspektif maqasid syariah. Islamiyyat. 42(1):39-47.<\/p>\n<p>Muslim, Ibn \u1e24ajj\u0101j al-Nays\u0101b\u016br\u012b. 2006. \u1e62a\u1e25\u012b\u1e25 Muslim. Ab\u016b Qutaybah Na\u1e93ar Mu\u1e25ammad al-Fary\u0101b\u012b (pnyt.). Riyad: D\u0101r al-\u1e6caybah.<\/p>\n<p>al-Najj\u0101r, \u2018Abd al-Maj\u012bd. 2008. Maq\u0101\u1e63id al-Shar\u012b\u2018ah bi Ab\u2018\u0101d Jad\u012bdah. Edisi ke-2. Beirut: D\u0101r al-Gharb al-Isl\u0101m\u012b.<\/p>\n<p>al-Nawaw\u012b, Ya\u1e25y\u0101 ibn Sharaf. T.th. al-Majm\u016b\u2018 Shar\u1e25 al-Muhadhdhab. Muhammad Najib al-Mu\u1e6d\u012b\u2018\u012b (pnyt.). Beirut: D\u0101r al Fikr.<\/p>\n<p>Nowak, A., Hedenstierna, M., Ursing, J., Lidman, C. &amp; Nowak, P. 2019. Efficacy of Routine Fecal Microbiota Transplantation for Treatment of Recurrent Clostridium difficile Infection: A Retrospective Cohort Study. https:\/\/doi.org\/10.1155\/2019\/7395127 [7 Februari 2022].<\/p>\n<p>Oluwaseun Shogbesan, Dilli Ram Poudel, Samjeris Victor, Asad Jehangir, Opeyemi Fadahunsi, Gbenga Shogbesan, Anthony Donato. 2018. A Systematic Review Of The Efficacy And Safety Of Fecal Microbiota Transplant For Clostridium Difficile Infection In Immunocompromised Patients. Hindawi- Canadian Journal of Gastroenterology and hepatology. ID 1394379.<\/p>\n<p>al-Qarad\u0323\u0101w\u012b, Y\u016bsuf. 1997. al-\u1e24al\u0101l wa al-\u1e24ar\u0101m f\u012b al-Isl\u0101m. Kaherah: Mu\u2019assasat al-Ris\u0101lah.<\/p>\n<p>al-Rays\u016bn\u012b, A\u1e25mad. 2014. Maq\u0101\u1e63id al-Maq\u0101\u1e63id. Kaherah: D\u0101r al-Kalimah li al-Nashr wa al-Tawz\u012b\u2018.<\/p>\n<p>al-Sh\u0101\u1e6dib\u012b, Ibr\u0101h\u012bm ibn M\u016bs\u0101 al-Lakhm\u012b. 2004. al-Muw\u0101faq\u0101t f\u012b U\u1e63\u016bl al-Shar\u012b\u2018ah. Beirut: D\u0101r al-Kutub al-\u2018Ilmiyyah.<\/p>\n<p>Soo, W.T., Bryant, R. v. &amp; Costello, S.P. 2020. Faecal microbiota transplantation: Indications, evidence and safety. Australian Prescriber 43(2): 36-38.<\/p>\n<p>al-Suy\u016b\u1e6d\u012b, Jal\u0101l al-D\u012bn Abd al-Ra\u1e25m\u0101n ibn Ab\u012b Bakr. 1990. al-Ashb\u0101h wa al-Na\u1e93\u0101\u2019ir. Beirut: D\u0101r al-Kutub al-Ilmiyyah.<\/p>\n<p>University Health System. 2019. Adult Fecal Microbiota Transplant Procedure. https:\/\/www.universityhealthsystem.com\/~\/media\/files\/clinical-pathways\/fecal-microbiota-transplant-in-adults-procedure.pdf?la=en<\/p>\n<p>Hsu, W. H., Wang, J. Y., &amp; Kuo, C. H. (2019). Current applications of fecal microbiota transplantation in intestinal disorders. The Kaohsiung journal of medical sciences, 35(6), 327-331.<\/p>\n<p>Youngster I, Sauk J, Pindar C, et al. 2014. Fecal Microbiota Transplant for Relapsing Clostridium Difficile Infection Using A Frozen Inoculum From Unrelated Donors: A Randomized, Open-Label, Controlled Pilot Study. Clin Infect Dis. 58:1515-1522.<\/p>\n<p>al-Zu\u1e25ayl\u012b, Wahbah. 2012. al-Fiqh al-Isl\u0101m\u012b wa Adillatuh. Edisi ke-3. Damsyik: D\u0101r al-Fikr.<\/p>\n<p>[\/et_pb_tab][\/et_pb_tabs][\/et_pb_column_inner][\/et_pb_row_inner][\/et_pb_column][\/et_pb_section]<\/p>\n","protected":false},"excerpt":{"rendered":"<p>DECEMBER 2022Rawatan Fecal Microbiota Transplantation (FMT) Menurut Maqasid Syariah Treatment of Faecal Microbiota Transplantation (FMT) Based on Maqasid ShariahNur Solihah Isa,\u00a0Postgraduate Student, Research Center for Sharia, Faculty of Islamic Studies, Universiti Kebangsaan MalaysiaMuhammad Nazir Alias, nazir@ukm.edu.myResearch Center for Sharia, Faculty of Islamic Studies, Universiti Kebangsaan MalaysiaMohd Al Adib Samuri, al_adib@ukm.edu.myResearch Center for Sharia, Faculty of [&hellip;]<\/p>\n","protected":false},"author":1,"featured_media":0,"parent":0,"menu_order":0,"comment_status":"closed","ping_status":"closed","template":"","meta":{"_et_pb_use_builder":"on","_et_pb_old_content":"","_et_gb_content_width":"","footnotes":""},"class_list":["post-2985","page","type-page","status-publish","hentry"],"_links":{"self":[{"href":"https:\/\/www.ukm.my\/jcil\/wp-json\/wp\/v2\/pages\/2985","targetHints":{"allow":["GET"]}}],"collection":[{"href":"https:\/\/www.ukm.my\/jcil\/wp-json\/wp\/v2\/pages"}],"about":[{"href":"https:\/\/www.ukm.my\/jcil\/wp-json\/wp\/v2\/types\/page"}],"author":[{"embeddable":true,"href":"https:\/\/www.ukm.my\/jcil\/wp-json\/wp\/v2\/users\/1"}],"replies":[{"embeddable":true,"href":"https:\/\/www.ukm.my\/jcil\/wp-json\/wp\/v2\/comments?post=2985"}],"version-history":[{"count":6,"href":"https:\/\/www.ukm.my\/jcil\/wp-json\/wp\/v2\/pages\/2985\/revisions"}],"predecessor-version":[{"id":3525,"href":"https:\/\/www.ukm.my\/jcil\/wp-json\/wp\/v2\/pages\/2985\/revisions\/3525"}],"wp:attachment":[{"href":"https:\/\/www.ukm.my\/jcil\/wp-json\/wp\/v2\/media?parent=2985"}],"curies":[{"name":"wp","href":"https:\/\/api.w.org\/{rel}","templated":true}]}}